

{"id":33,"date":"2015-03-18T18:53:36","date_gmt":"2015-03-18T17:53:36","guid":{"rendered":"http:\/\/localhost\/wordpress_asso\/?page_id=33"},"modified":"2023-06-05T16:54:46","modified_gmt":"2023-06-05T20:54:46","slug":"contact","status":"publish","type":"page","link":"https:\/\/www.assofxg.com\/?page_id=33","title":{"rendered":"Contact"},"content":{"rendered":"<p>Pour nous contacter, deux options s\u2019offrent \u00e0 vous : ces coordonn\u00e9es ou ce formulaire simple. Pour pr\u00e9cis\u00e9ment entrer en contact avec une personne, utilisez leur adresse courriel personnelle disponible sur la <a title=\"Impliquez-vous !\" href=\"http:\/\/www.assofxg.com\/?page_id=15\">page d\u00e9di\u00e9e<\/a>.<\/p>\n<h3>Coordonn\u00e9es<\/h3>\n<div><strong>Association g\u00e9n\u00e9rale \u00e9tudiante du coll\u00e8ge Fran\u00e7ois-Xavier Garneau (AG\u00c9CFXG)<\/strong><br \/>Adresse : 1660, boulevard de l\u2019Entente, local A-1198, Qu\u00e9bec (QC), G1S 4S3<br \/>T\u00e9l\u00e9phone : 418-681-4134<br \/>T\u00e9l\u00e9copieur : 418-681-4135<br \/>Courriel : <a href=\"mailto:%63omm@a%73s%6Ffxg.%63o%6D\">comm@assofxg.com<\/a><\/div>\n<div>https:\/\/www.facebook.com\/assofxg\/<\/div>\n<div>https:\/\/www.instagram.com\/assofxg\/<\/div>\n\n\n<p><\/p>\n","protected":false},"excerpt":{"rendered":"<p>Pour nous contacter, deux options s\u2019offrent \u00e0 vous : ces coordonn\u00e9es ou ce formulaire simple. Pour pr\u00e9cis\u00e9ment entrer en contact&hellip;<\/p>\n","protected":false},"author":1,"featured_media":0,"parent":0,"menu_order":0,"comment_status":"open","ping_status":"open","template":"","meta":{"footnotes":""},"class_list":["post-33","page","type-page","status-publish","hentry","post"],"_links":{"self":[{"href":"https:\/\/www.assofxg.com\/index.php?rest_route=\/wp\/v2\/pages\/33"}],"collection":[{"href":"https:\/\/www.assofxg.com\/index.php?rest_route=\/wp\/v2\/pages"}],"about":[{"href":"https:\/\/www.assofxg.com\/index.php?rest_route=\/wp\/v2\/types\/page"}],"author":[{"embeddable":true,"href":"https:\/\/www.assofxg.com\/index.php?rest_route=\/wp\/v2\/users\/1"}],"replies":[{"embeddable":true,"href":"https:\/\/www.assofxg.com\/index.php?rest_route=%2Fwp%2Fv2%2Fcomments&post=33"}],"version-history":[{"count":9,"href":"https:\/\/www.assofxg.com\/index.php?rest_route=\/wp\/v2\/pages\/33\/revisions"}],"predecessor-version":[{"id":1133,"href":"https:\/\/www.assofxg.com\/index.php?rest_route=\/wp\/v2\/pages\/33\/revisions\/1133"}],"wp:attachment":[{"href":"https:\/\/www.assofxg.com\/index.php?rest_route=%2Fwp%2Fv2%2Fmedia&parent=33"}],"curies":[{"name":"wp","href":"https:\/\/api.w.org\/{rel}","templated":true}]}}