

{"id":1280,"date":"2025-04-02T11:27:34","date_gmt":"2025-04-02T15:27:34","guid":{"rendered":"http:\/\/www.assofxg.com\/?page_id=1280"},"modified":"2025-04-02T11:27:34","modified_gmt":"2025-04-02T15:27:34","slug":"elections-annuelles-2025-2026","status":"publish","type":"page","link":"https:\/\/www.assofxg.com\/?page_id=1280","title":{"rendered":"\u00c9LECTIONS ANNUELLES 2025-2026"},"content":{"rendered":"\n<p>Par\u00a0<a href=\"https:\/\/www.assofxg.com\/?author=1\">WEBMESTRE@ASSOFXG.COM<\/a>\u00a0\u2022\u00a02 avril, 2025<\/p>\n\n\n\n<h2 class=\"wp-block-heading\">DESCRIPTION DES 9 POSTES EN \u00c9LECTION&nbsp;<\/h2>\n\n\n\n<p>Voici un r\u00e9sum\u00e9 des 9 postes en \u00e9lection. Pour la description compl\u00e8te, allez consulter les Statuts et r\u00e8glements 2017&nbsp;<a href=\"https:\/\/www.assofxg.com\/?page_id=51\">Statuts, r\u00e8glements et politiques<\/a><\/p>\n\n\n\n<p>Coordination<br>La personne responsable \u00e0 la coordination est porte-parole de l\u2019Association. Assume le leadership, supervise les diff\u00e9rentes instances et voit \u00e0 un bon esprit d\u2019\u00e9quipe.<br><br>Coordination adjointe<br>La personne adjointe \u00e0 la coordination est responsable de la bonne marche quotidienne de l\u2019Association et de ses liens avec les autres organismes du campus. Elle remplace le coordonnateur avec plein pouvoir en cas d\u2019absence ou d\u2019incapacit\u00e9<br><br>Responsable aux finances<br>La personne responsable des finances supervise et coordonne toutes les activit\u00e9s financi\u00e8res de la corporation. Elle s\u2019assure que la gestion financi\u00e8re de l\u2019Association est ad\u00e9quate et coordonne les services, les subventions de l\u2019organisation, de m\u00eame que le financement des projets de l\u2019Association.<br><br>Responsable aux communications<br>La personne responsable des communications est l\u2019agente d\u2019information entre l\u2019Association et l\u2019ensemble de ses membres. Elle est, avec la personne responsable de la coordination, charg\u00e9e de l\u2019ensemble des relations publiques, notamment avec les m\u00e9dias. Par ailleurs, elle est responsable du droit \u00e0 l\u2019information des membres et du d\u00e9veloppement des outils de communication.<br><br>Responsable aux affaires internes<br>La personne responsable aux affaires internes coordonne et supervise les activit\u00e9s courantes de l\u2019Association \u00e0 l\u2019int\u00e9rieur des comit\u00e9s \u00e9tudiants.<br><br>Responsable aux affaires p\u00e9dagogiques<br>La personne responsable aux affaires p\u00e9dagogiques coordonne et supervise les activit\u00e9s et dossiers qui se rattachent aux \u00e9tudes, \u00e0 la p\u00e9dagogie et \u00e0 la d\u00e9fense des droits \u00e9tudiants. Elle veille \u00e0 ce que les membres soient inform\u00e9s quant \u00e0 leurs droits. Elle si\u00e8ge \u00e0 la Commission des \u00e9tudes et accompagne les \u00e9tudiants et \u00e9tudiantes qui ont des plaintes p\u00e9dagogiques.<br><br>Responsable aux affaires externes<br>La personne responsable aux affaires externes entretient les relations avec les autres associations \u00e9tudiantes locales et nationales.<br><br>Responsable \u00e0 la vie \u00e9tudiante<br>La personne responsable \u00e0 la vie \u00e9tudiante organise et coordonne les activit\u00e9s sociales, culturelles et sportives de l\u2019Association.<br><br>Responsable aux affaires internationales et environnementales<br>La personne responsable aux affaires internationales et environnementales a comme mandat de cr\u00e9er des liens durables avec les organismes ayant pour but l\u2019analyse et la critique des dossiers internationaux et environnementaux.<\/p>\n","protected":false},"excerpt":{"rendered":"<p>Par\u00a0WEBMESTRE@ASSOFXG.COM\u00a0\u2022\u00a02 avril, 2025 DESCRIPTION DES 9 POSTES EN \u00c9LECTION&nbsp; Voici un r\u00e9sum\u00e9 des 9 postes en \u00e9lection. Pour la description&hellip;<\/p>\n","protected":false},"author":1,"featured_media":0,"parent":0,"menu_order":0,"comment_status":"closed","ping_status":"closed","template":"","meta":{"footnotes":""},"class_list":["post-1280","page","type-page","status-publish","hentry","post"],"_links":{"self":[{"href":"https:\/\/www.assofxg.com\/index.php?rest_route=\/wp\/v2\/pages\/1280"}],"collection":[{"href":"https:\/\/www.assofxg.com\/index.php?rest_route=\/wp\/v2\/pages"}],"about":[{"href":"https:\/\/www.assofxg.com\/index.php?rest_route=\/wp\/v2\/types\/page"}],"author":[{"embeddable":true,"href":"https:\/\/www.assofxg.com\/index.php?rest_route=\/wp\/v2\/users\/1"}],"replies":[{"embeddable":true,"href":"https:\/\/www.assofxg.com\/index.php?rest_route=%2Fwp%2Fv2%2Fcomments&post=1280"}],"version-history":[{"count":1,"href":"https:\/\/www.assofxg.com\/index.php?rest_route=\/wp\/v2\/pages\/1280\/revisions"}],"predecessor-version":[{"id":1281,"href":"https:\/\/www.assofxg.com\/index.php?rest_route=\/wp\/v2\/pages\/1280\/revisions\/1281"}],"wp:attachment":[{"href":"https:\/\/www.assofxg.com\/index.php?rest_route=%2Fwp%2Fv2%2Fmedia&parent=1280"}],"curies":[{"name":"wp","href":"https:\/\/api.w.org\/{rel}","templated":true}]}}