

{"id":12,"date":"2015-03-10T19:03:21","date_gmt":"2015-03-10T18:03:21","guid":{"rendered":"http:\/\/localhost\/wordpress_asso\/?page_id=12"},"modified":"2025-12-16T12:41:41","modified_gmt":"2025-12-16T16:41:41","slug":"comites","status":"publish","type":"page","link":"https:\/\/www.assofxg.com\/?page_id=12","title":{"rendered":"Comit\u00e9s"},"content":{"rendered":"<p>Les comit\u00e9s de l\u2019Association \u00e9tudiante offrent une grande vari\u00e9t\u00e9 d\u2019activit\u00e9s et de services.\u00a0Tous les membres de l\u2019Association peuvent s\u2019impliquer dans un comit\u00e9 et ainsi contribuer \u00e0 faire de son milieu un environnement enrichissant.<\/p>\n<p>Les comit\u00e9s sont regroup\u00e9s en deux cat\u00e9gories, soit les comit\u00e9s de services et socioculturels et les comit\u00e9s d\u2019information.<\/p>\n<p>Pour vous impliquer dans un ou plusieurs des nombreux comit\u00e9s, vous n\u2019avez qu\u2019\u00e0 passer au local de l\u2019Association \u00e9tudiante, vous inscrire avec le formulaire ad\u00e9quat ou \u00e9crire \u00e0 comm@assofxg.com. Vous pouvez aussi visiter leur local ou leur page Facebook.<\/p>\n<p class=\"p1\">Certains comit\u00e9s ne sont plus actifs, mais n\u2019attendent que votre engagement et l\u2019initiative de quelques personnes. C\u2019est le cas du comit\u00e9 de <span class=\"s1\">Jeux de logique<\/span> (go, \u00e9checs), du <span class=\"s1\">Comit\u00e9 socioculturel<\/span>, du comit\u00e9 spectacle Anblick et de <span class=\"s1\">G\u00e9nies en herbe.<\/span><\/p>\n<h3><\/h3>\n<h3>Les comit\u00e9s de services et socioculturels<\/h3>\n<p><strong>Caf\u00e9 Oxymel<\/strong><\/p>\n<p>Le<a href=\"http:\/\/www.assofxg.com\/?attachment_id=844\" rel=\"attachment wp-att-844\"><img loading=\"lazy\" decoding=\"async\" class=\"alignleft  wp-image-844\" src=\"http:\/\/www.assofxg.com\/wp-content\/uploads\/2015\/03\/logo-Oxy-sans-fond-237x300.png\" alt=\"\" width=\"139\" height=\"176\" srcset=\"https:\/\/www.assofxg.com\/wp-content\/uploads\/2015\/03\/logo-Oxy-sans-fond-237x300.png 237w, https:\/\/www.assofxg.com\/wp-content\/uploads\/2015\/03\/logo-Oxy-sans-fond-768x971.png 768w, https:\/\/www.assofxg.com\/wp-content\/uploads\/2015\/03\/logo-Oxy-sans-fond-810x1024.png 810w, https:\/\/www.assofxg.com\/wp-content\/uploads\/2015\/03\/logo-Oxy-sans-fond.png 899w\" sizes=\"(max-width: 139px) 100vw, 139px\" \/><\/a>\u00a0Caf\u00e9 \u00e9tudiant Oxymel est l\u2019endroit id\u00e9al pour se connecter \u00e0 l\u2019univers du c\u00e9gep Garneau. Pour un bon latte ou les meilleurs croissant du c\u00e9gep, le caf\u00e9 est l\u00e0! Tu peux y travailler b\u00e9n\u00e9volement afin d\u2019acqu\u00e9rir de l\u2019exp\u00e9rience de travail et te faire des ami.es.<\/p>\n<p><strong>\u00a0Local A-1156\u00a0<\/strong><\/p>\n<p style=\"padding-left: 160px;\"><strong><a href=\"mailto:o%78y%6De%6C@as%73of%78g.com\">oxymel@assofxg.com<\/a> <\/strong><\/p>\n<p style=\"padding-left: 160px;\"><strong><a href=\"https:\/\/www.facebook.com\/cafeoxymelgarneau\/\">https:\/\/www.facebook.com\/cafeoxymelgarneau\/<\/a><\/strong><\/p>\n<p><b>LeSept<\/b><\/p>\n<p><b><a href=\"http:\/\/www.assofxg.com\/?attachment_id=837\" rel=\"attachment wp-att-837\"><img loading=\"lazy\" decoding=\"async\" class=\"size-thumbnail wp-image-837 alignleft\" src=\"http:\/\/www.assofxg.com\/wp-content\/uploads\/2015\/03\/51419539-397571481051336-2290387285931196416-n-150x150.png\" alt=\"51419539-397571481051336-2290387285931196416-n\" width=\"150\" height=\"150\" srcset=\"https:\/\/www.assofxg.com\/wp-content\/uploads\/2015\/03\/51419539-397571481051336-2290387285931196416-n-150x150.png 150w, https:\/\/www.assofxg.com\/wp-content\/uploads\/2015\/03\/51419539-397571481051336-2290387285931196416-n-50x50.png 50w\" sizes=\"(max-width: 150px) 100vw, 150px\" \/><\/a><\/b>LeSept est un groupe d&#8217;amateurs et d&#8217;amatrice de cin\u00e9ma de Garneau dont l\u2019objectif commun est de favoriser la diffusion de la culture cin\u00e9matographique et la cr\u00e9ation et la diffusion de courts-m\u00e9trages. Le comit\u00e9 pr\u00eate aussi du mat\u00e9riel de production cin\u00e9matographique. De plus, LeSept organise r\u00e9guli\u00e8rement des soir\u00e9es de projection.<br \/>\n<strong>Local\u2013\u00a0A-1096<\/strong><\/p>\n<p style=\"padding-left: 160px;\">\u00a0<a href=\"https:\/\/www.facebook.com\/LeSeptGarneau\/\">https:\/\/www.facebook.com\/LeSeptGarneau\/<\/a><\/p>\n<p style=\"padding-left: 160px;\">Cha\u00eene youtube\u00a0: <u><a href=\"https:\/\/www.youtube.com\/channel\/UCoJo8LlIU2lOVjQPk5o9wJw\/featured\">https:\/\/www.youtube.com\/channel\/UCoJo8LlIU2lOVjQPk5o9wJw\/featured<\/a><\/u><\/p>\n<p><span style=\"color: #000000;\"><strong>Le Rituel<\/strong><\/span><br \/>\n<a href=\"http:\/\/www.assofxg.com\/?attachment_id=1269\" rel=\"attachment wp-att-1269\"><img loading=\"lazy\" decoding=\"async\" class=\"alignleft size-full wp-image-1269\" src=\"http:\/\/www.assofxg.com\/wp-content\/uploads\/2024\/09\/Capture-decran-le-2024-09-04-a-13.28.32.png\" alt=\"\" width=\"118\" height=\"156\" \/><\/a>Le Rituel s\u2019engage \u00e0 proposer des activit\u00e9s de divertissement tels des jeux de tables, des jeux de soci\u00e9t\u00e9 classiques, des jeux de cartes, des jeux de r\u00f4les, des meurtres et myst\u00e8res ainsi que plusieurs autres activit\u00e9s \u00e0 ses membres ainsi qu\u2019aux \u00e9tudiants et \u00e9tudiantes. Lorsque tu voudras te changer les id\u00e9es et avoir du plaisir, viens nous voir!<br \/>\n<strong>Local A-1083<\/strong><\/p>\n<p>&nbsp;<\/p>\n<p>&nbsp;<\/p>\n<p>&nbsp;<\/p>\n<p>&nbsp;<\/p>\n<p><strong>Le Comit\u00e9 d\u2019Impro<\/strong><\/p>\n<p><a href=\"http:\/\/www.assofxg.com\/?attachment_id=1124\" rel=\"attachment wp-att-1124\"><img loading=\"lazy\" decoding=\"async\" class=\"alignleft  wp-image-1124\" src=\"http:\/\/www.assofxg.com\/wp-content\/uploads\/2023\/06\/Logo-officiel-300x300.jpg\" alt=\"\" width=\"180\" height=\"180\" srcset=\"https:\/\/www.assofxg.com\/wp-content\/uploads\/2023\/06\/Logo-officiel-300x300.jpg 300w, https:\/\/www.assofxg.com\/wp-content\/uploads\/2023\/06\/Logo-officiel-1024x1024.jpg 1024w, https:\/\/www.assofxg.com\/wp-content\/uploads\/2023\/06\/Logo-officiel-150x150.jpg 150w, https:\/\/www.assofxg.com\/wp-content\/uploads\/2023\/06\/Logo-officiel-768x768.jpg 768w, https:\/\/www.assofxg.com\/wp-content\/uploads\/2023\/06\/Logo-officiel-1536x1536.jpg 1536w, https:\/\/www.assofxg.com\/wp-content\/uploads\/2023\/06\/Logo-officiel-2048x2048.jpg 2048w, https:\/\/www.assofxg.com\/wp-content\/uploads\/2023\/06\/Logo-officiel-50x50.jpg 50w\" sizes=\"(max-width: 180px) 100vw, 180px\" \/><\/a>Le Samoura\u00ef, le Ninja et le Yakuza sont les trois \u00e9quipes d\u2019improvisation qui repr\u00e9sentent Garneau lors de tournois intercoll\u00e9giaux et lors de parties de la ligue Pamplemousse.<\/p>\n<p>La plupart du temps, nos\u00a0trois \u00e9quipes d\u00e9foncent toutes les attentes et offrent un m\u00e9morable spectacle! Le comit\u00e9 est appuy\u00e9 par trois entra\u00eeneurs.<\/p>\n<p><strong>Local A-1085<\/strong><\/p>\n<p style=\"padding-left: 200px;\">L\u2019impro Garneau et ses trois \u00e9quipes sont dans la ligue Pamplemousses\u00a0:<br \/>\nhttps:\/\/www.facebook.com\/PampsQC\/<\/p>\n<p style=\"padding-left: 200px;\">https:\/\/www.facebook.com\/improgarneau<\/p>\n<p style=\"text-align: left;\"><strong>Comit\u00e9 plein air Oural<\/strong><a href=\"http:\/\/www.assofxg.com\/?attachment_id=839\" rel=\"attachment wp-att-839\"><br \/>\n<\/a><a href=\"http:\/\/www.assofxg.com\/?attachment_id=1185\" rel=\"attachment wp-att-1114\"><img loading=\"lazy\" decoding=\"async\" class=\"alignleft wp-image-1185 \" src=\"http:\/\/www.assofxg.com\/wp-content\/uploads\/2024\/02\/Logo-oural-pimpe-gros-H-24-OK-pdf-300x160.jpg\" alt=\"\" width=\"261\" height=\"139\" \/><\/a>Le comit\u00e9 plein air Oural organise des activit\u00e9s de plein air comme de la randonn\u00e9e p\u00e9destre, du kayak, du parachutisme, de l\u2019escalade, etc. L\u2019Oural t\u2019offre aussi la possibilit\u00e9 d\u2019emprunter du mat\u00e9riel de plein-air comme des tentes et des sacs de couchages. Nous avons aussi une slakline sur laquelle il est possible de s\u2019amuser.<\/p>\n<p style=\"padding-left: 200px; text-align: left;\"><strong>Local A-1196<\/strong><\/p>\n<p><strong>Comit\u00e9 artistique \/ MonArt<\/strong><\/p>\n<p><a href=\"http:\/\/www.assofxg.com\/?attachment_id=1182\" rel=\"attachment wp-att-1114\"><img loading=\"lazy\" decoding=\"async\" class=\"alignleft wp-image-1182 \" src=\"http:\/\/www.assofxg.com\/wp-content\/uploads\/2024\/02\/Logo-comite-artistique-H-24-300x134.jpg\" alt=\"\" width=\"289\" height=\"129\" srcset=\"https:\/\/www.assofxg.com\/wp-content\/uploads\/2024\/02\/Logo-comite-artistique-H-24-300x134.jpg 300w, https:\/\/www.assofxg.com\/wp-content\/uploads\/2024\/02\/Logo-comite-artistique-H-24-1024x458.jpg 1024w, https:\/\/www.assofxg.com\/wp-content\/uploads\/2024\/02\/Logo-comite-artistique-H-24-768x344.jpg 768w, https:\/\/www.assofxg.com\/wp-content\/uploads\/2024\/02\/Logo-comite-artistique-H-24.jpg 1242w\" sizes=\"(max-width: 289px) 100vw, 289px\" \/><\/a><\/p>\n<p>Comit\u00e9 qui, selon la cohorte en place, r\u00e9alise des projets artistiques, des soir\u00e9es de cr\u00e9ations.<\/p>\n<p style=\"text-align: left;\">Donc chaque session est une d\u00e9couverte artistique. Que ce soit de la peinture, de la photo, de la sculpture, des conf\u00e9rences, des ateliers ou des expositions, le comit\u00e9 artistique est l\u00e0 pour que les membres puissent se r\u00e9aliser.<\/p>\n<p>&nbsp;<\/p>\n<p><strong>Cl\u00e9 en main<\/strong><\/p>\n<p>Le comit\u00e9 Cl\u00e9 en main se veut une aide \u00e0 l&#8217;organisation des activit\u00e9s internes pour assurer un bon d\u00e9roulement vos projets.<img loading=\"lazy\" decoding=\"async\" class=\"size-full wp-image-1267 alignleft\" src=\"http:\/\/www.assofxg.com\/wp-content\/uploads\/2024\/09\/Capture-decran-le-2024-09-04-a-13.17.49.png\" alt=\"\" width=\"172\" height=\"154\" \/><\/p>\n<p>&nbsp;<\/p>\n<p>&nbsp;<\/p>\n<hr \/>\n<h3><\/h3>\n<h3>Les comit\u00e9s d\u2019information<\/h3>\n<p><strong>\u00a0 \u00a0Comit\u00e9 RAD<\/strong><\/p>\n<p><img loading=\"lazy\" decoding=\"async\" class=\"alignleft  wp-image-1309\" src=\"http:\/\/www.assofxg.com\/wp-content\/uploads\/2025\/12\/Logo-RAD-300x296.png\" alt=\"\" width=\"168\" height=\"165\" srcset=\"https:\/\/www.assofxg.com\/wp-content\/uploads\/2025\/12\/Logo-RAD-300x296.png 300w, https:\/\/www.assofxg.com\/wp-content\/uploads\/2025\/12\/Logo-RAD-50x50.png 50w, https:\/\/www.assofxg.com\/wp-content\/uploads\/2025\/12\/Logo-RAD.png 616w\" sizes=\"(max-width: 168px) 100vw, 168px\" \/><\/p>\n<p>Le comit\u00e9 Regroupement des Activistes D\u00e9di\u00e9.e.s conscientise, informe et mobilise la population \u00e9tudiante face aux causes politiques, sociales et humanitaires.<\/p>\n<p>&nbsp;<\/p>\n<p>&nbsp;<\/p>\n<p>&nbsp;<\/p>\n<p><strong><a href=\"https:\/\/www.assofxg.com\/?attachment_id=1310\" rel=\"attachment wp-att-1310\"><img loading=\"lazy\" decoding=\"async\" class=\"alignleft  wp-image-1310\" src=\"http:\/\/www.assofxg.com\/wp-content\/uploads\/2025\/12\/logo-300x217.png\" alt=\"\" width=\"209\" height=\"151\" srcset=\"https:\/\/www.assofxg.com\/wp-content\/uploads\/2025\/12\/logo-300x217.png 300w, https:\/\/www.assofxg.com\/wp-content\/uploads\/2025\/12\/logo-1024x741.png 1024w, https:\/\/www.assofxg.com\/wp-content\/uploads\/2025\/12\/logo-768x556.png 768w, https:\/\/www.assofxg.com\/wp-content\/uploads\/2025\/12\/logo-1536x1112.png 1536w, https:\/\/www.assofxg.com\/wp-content\/uploads\/2025\/12\/logo-2048x1483.png 2048w\" sizes=\"(max-width: 209px) 100vw, 209px\" \/><\/a>Comit\u00e9 des \u00e9tudiant.e.s internationaux<\/strong><\/p>\n<p>Le comit\u00e9s des \u00e9tudiants et \u00e9tudiantes internationaux encourage l&#8217;entraide entre les \u00e9tudiant.e.s provenant de l&#8217;international et leur fait d\u00e9couvrir la vie au Qu\u00e9bec, d\u00e9fend leurs droits et les repr\u00e9sente aupr\u00e8s de diverses instances du C\u00e9gep.<\/p>\n<p>&nbsp;<\/p>\n<p>&nbsp;<\/p>\n<p><strong>Front Vert<\/strong><\/p>\n<p><a href=\"http:\/\/www.assofxg.com\/?attachment_id=842\" rel=\"attachment wp-att-842\"><img loading=\"lazy\" decoding=\"async\" class=\"alignleft size-thumbnail wp-image-842\" src=\"http:\/\/www.assofxg.com\/wp-content\/uploads\/2015\/03\/FrontVertLogo-1-150x150.png\" alt=\"FrontVertLogo\" width=\"150\" height=\"150\" srcset=\"https:\/\/www.assofxg.com\/wp-content\/uploads\/2015\/03\/FrontVertLogo-1-150x150.png 150w, https:\/\/www.assofxg.com\/wp-content\/uploads\/2015\/03\/FrontVertLogo-1-300x300.png 300w, https:\/\/www.assofxg.com\/wp-content\/uploads\/2015\/03\/FrontVertLogo-1-768x768.png 768w, https:\/\/www.assofxg.com\/wp-content\/uploads\/2015\/03\/FrontVertLogo-1-1024x1024.png 1024w, https:\/\/www.assofxg.com\/wp-content\/uploads\/2015\/03\/FrontVertLogo-1-50x50.png 50w, https:\/\/www.assofxg.com\/wp-content\/uploads\/2015\/03\/FrontVertLogo-1.png 1167w\" sizes=\"(max-width: 150px) 100vw, 150px\" \/><\/a><\/p>\n<p>Face \u00e0 la crise climatique actuelle, le Front Vert se positionne\u00a0en d\u00e9fenseur des valeurs \u00e9cologiques et initie des projets promouvant le d\u00e9veloppement durable au sein de la communaut\u00e9 coll\u00e9giale ainsi que dans le quartier St-Sacrement. Il est entre autres\u00a0l&#8217;instigateur des votes de gr\u00e8ves lors des manifestations environnementales et c&#8217;est gr\u00e2ce \u00e0 lui que l&#8217;on retrouve des abreuvoirs\u00a0adapt\u00e9s aux gourdes dans certains pavillons. Les membres du comit\u00e9 ont aussi convi\u00e9 plus de 70 \u00e9coles \u00e0 travers la province \u00e0 se joindre \u00e0 eux pour le ramassage\u00a0des parcs limitrophes aux \u00e9tablissements d&#8217;enseignement.<br \/>\n<strong>Local A-1195 \u00a0<\/strong><\/p>\n<p><a href=\"https:\/\/www.facebook.com\/frontvertgarneau\/\">https:\/\/www.facebook.com\/frontvertgarneau\/<\/a><\/p>\n<p><strong>Solidarit\u00e9 internationale<\/strong><\/p>\n<p>Solidarit\u00e9 Internationale rassemble des \u00e9tudiant-es qui souhaitent mener des actions afin de contrer la violation des droits humains. Le comit\u00e9 participe aux campagnes internationales et nationales de plusieurs ONG dont Amnistie internationale, tout comme il d\u00e9veloppe des campagnes locales.<\/p>\n<div><strong>Local A-1195<\/strong><\/div>\n<div><\/div>\n<div><a href=\"https:\/\/www.facebook.com\/Amnistie-Internationale-Garneau-100290044703372\/\">https:\/\/www.facebook.com\/Amnistie-Internationale-Garneau-100290044703372\/<\/a><\/div>\n<p><strong>Le Bureau d\u2019action et d\u2019information politique (BAIP)<\/strong><\/p>\n<p style=\"text-align: left;\"><a href=\"http:\/\/www.assofxg.com\/?attachment_id=846\" rel=\"attachment wp-att-846\"><img loading=\"lazy\" decoding=\"async\" class=\"alignleft size-thumbnail wp-image-846\" src=\"http:\/\/www.assofxg.com\/wp-content\/uploads\/2015\/03\/23473005_1430415033751829_2943600010455164648_n-150x150.jpg\" alt=\"23473005_1430415033751829_2943600010455164648_n\" width=\"150\" height=\"150\" srcset=\"https:\/\/www.assofxg.com\/wp-content\/uploads\/2015\/03\/23473005_1430415033751829_2943600010455164648_n-150x150.jpg 150w, https:\/\/www.assofxg.com\/wp-content\/uploads\/2015\/03\/23473005_1430415033751829_2943600010455164648_n-300x300.jpg 300w, https:\/\/www.assofxg.com\/wp-content\/uploads\/2015\/03\/23473005_1430415033751829_2943600010455164648_n-50x50.jpg 50w, https:\/\/www.assofxg.com\/wp-content\/uploads\/2015\/03\/23473005_1430415033751829_2943600010455164648_n.jpg 720w\" sizes=\"(max-width: 150px) 100vw, 150px\" \/><\/a>Le BAIP a comme objectif de sensibiliser et de fournir de l\u2019information aux \u00e9tudiants et \u00e9tudiantes au sujet de la politique. Ce comit\u00e9 vise \u00e0 offrir des points de vue diff\u00e9rents et des informations objectives afin de permettre aux membres de s\u2019int\u00e9resser aux enjeux politiques actuels.<\/p>\n<p><strong>Local A-1196<\/strong><\/p>\n<p style=\"padding-left: 160px;\"><a href=\"https:\/\/www.facebook.com\/baipfxg\/\">https:\/\/www.facebook.com\/baipfxg\/<\/a><\/p>\n<p><strong>Le Comit\u00e9\u00a0f\u00e9ministe<\/strong><br \/>\n<a href=\"http:\/\/www.assofxg.com\/?attachment_id=895\" rel=\"attachment wp-att-895\"><img loading=\"lazy\" decoding=\"async\" class=\"alignleft size-thumbnail wp-image-895\" src=\"http:\/\/www.assofxg.com\/wp-content\/uploads\/2015\/03\/123407600_423070095756093_3329976992156243102_n-1-copie-150x150.png\" alt=\"123407600_423070095756093_3329976992156243102_n-1 copie\" width=\"150\" height=\"150\" srcset=\"https:\/\/www.assofxg.com\/wp-content\/uploads\/2015\/03\/123407600_423070095756093_3329976992156243102_n-1-copie-150x150.png 150w, https:\/\/www.assofxg.com\/wp-content\/uploads\/2015\/03\/123407600_423070095756093_3329976992156243102_n-1-copie-300x300.png 300w, https:\/\/www.assofxg.com\/wp-content\/uploads\/2015\/03\/123407600_423070095756093_3329976992156243102_n-1-copie-50x50.png 50w, https:\/\/www.assofxg.com\/wp-content\/uploads\/2015\/03\/123407600_423070095756093_3329976992156243102_n-1-copie.png 400w\" sizes=\"(max-width: 150px) 100vw, 150px\" \/><\/a>Le comit\u00e9 F\u00e9ministe de l\u2019AGECFXG est un comit\u00e9 mixte visant \u00e0 promouvoir l\u2019\u00e9galit\u00e9 des genres. Nous sensibilisons les personnes \u00e9tudiantes et les membres du personnel du C\u00e9gep sur des enjeux f\u00e9ministes, organisons des activit\u00e9s pour en discuter et mettons en place des actions concr\u00e8tes pour faciliter la place des femmes dans l\u2019\u00e9cole. La discussion, la bienveillance et le respect sont des valeurs fondamentales pour le comit\u00e9.<\/p>\n<p style=\"padding-left: 160px;\">Tu aimerais t\u2019impliquer? Nous serons ravi.e.s de t\u2019accueillir!<br \/>\n<strong>Local A-1183\u00a0<\/strong><\/p>\n<p style=\"padding-left: 160px;\"><a href=\"https:\/\/www.facebook.com\/Comit%C3%A9-Femmes-Garneau-116347926428313\/\">https:\/\/www.facebook.com\/Comit%C3%A9-Femmes-Garneau-116347926428313\/<\/a><\/p>\n<p><strong>Journal la Crise<\/strong><\/p>\n<p><a href=\"http:\/\/www.assofxg.com\/?attachment_id=1183\" rel=\"attachment wp-att-847\"><img loading=\"lazy\" decoding=\"async\" class=\"alignleft wp-image-1183 \" src=\"http:\/\/www.assofxg.com\/wp-content\/uploads\/2024\/02\/Logo-crise-2-268x300.png\" alt=\"\" width=\"144\" height=\"161\" srcset=\"https:\/\/www.assofxg.com\/wp-content\/uploads\/2024\/02\/Logo-crise-2-268x300.png 268w, https:\/\/www.assofxg.com\/wp-content\/uploads\/2024\/02\/Logo-crise-2.png 307w\" sizes=\"(max-width: 144px) 100vw, 144px\" \/><\/a>La Crise est une revue \u00e9tudiante d\u2019opinion et d\u2019information politico-litt\u00e9raire. La Crise traite \u00a0l\u2019actualit\u00e9 qui touche les \u00e9tudiants et \u00e9tudiantes autant \u00e0 l\u2019int\u00e9rieur qu\u2019\u00e0 l\u2019ext\u00e9rieur du c\u00e9gep. Les journalistes s\u2019int\u00e9ressent aux mouvements sociaux, l\u2019environnement, la politique, les arts, la culture, <em>etc<\/em><\/p>\n<p><strong>\u00a0Local A-1196<\/strong><\/p>\n<p style=\"padding-left: 200px;\"><a href=\"mailto:c%72is%65@as%73ofxg.co%6D\">lerenard@assofxg.com<\/a>\u00a0\u00a0<a href=\"https:\/\/www.facebook.com\/Lerenardgarneau\">https:\/\/www.facebook.com\/Lerenardgarneau<\/a> &#8211; <a href=\"https:\/\/www.lerenardgarneau.com\/\">https:\/\/www.lerenardgarneau.com\/<\/a><\/p>\n<p>&nbsp;<\/p>\n<p><b>Comit\u00e9 Queer<br \/>\n<\/b><\/p>\n<p class=\"p1\"><a href=\"http:\/\/www.assofxg.com\/?attachment_id=987\" rel=\"attachment wp-att-987\"><img loading=\"lazy\" decoding=\"async\" class=\"alignleft wp-image-987 size-thumbnail\" src=\"http:\/\/www.assofxg.com\/wp-content\/uploads\/2015\/03\/277592379_3164471593826472_704487616874804035_n-150x150.jpg\" alt=\"277592379_3164471593826472_704487616874804035_n\" width=\"150\" height=\"150\" srcset=\"https:\/\/www.assofxg.com\/wp-content\/uploads\/2015\/03\/277592379_3164471593826472_704487616874804035_n-150x150.jpg 150w, https:\/\/www.assofxg.com\/wp-content\/uploads\/2015\/03\/277592379_3164471593826472_704487616874804035_n-300x300.jpg 300w, https:\/\/www.assofxg.com\/wp-content\/uploads\/2015\/03\/277592379_3164471593826472_704487616874804035_n-768x768.jpg 768w, https:\/\/www.assofxg.com\/wp-content\/uploads\/2015\/03\/277592379_3164471593826472_704487616874804035_n-50x50.jpg 50w, https:\/\/www.assofxg.com\/wp-content\/uploads\/2015\/03\/277592379_3164471593826472_704487616874804035_n.jpg 828w\" sizes=\"(max-width: 150px) 100vw, 150px\" \/><\/a><span class=\"s1\">Le comit\u00e9Queer souhaite faciliter l&#8217;inclusion et l&#8217;acceptation de la communaut\u00e9.<span class=\"Apple-converted-space\">\u00a0 <\/span>Ce comit\u00e9 regroupe celles et ceux qui s\u2019identifient ou se revendiquent comme faisant partie de la diversit\u00e9 sexuelle et de genre de m\u00eame que leurs alli\u00e9s, dans un esprit de solidarit\u00e9. Notre local est une safe zone o\u00f9 chacun.e peut parler, se questionner et agir en toute s\u00e9curit\u00e9, sans recevoir aucun jugement. Des activit\u00e9s sont mises en place \u00e0 chaque session au sein du C\u00e9gep en vue d&#8217;accentuer la visibilit\u00e9 de la communaut\u00e9 et d&#8217;am\u00e9liorer les connaissances du plus grand nombre pour diminuer homophobie, discrimination et intol\u00e9rance.<\/span><\/p>\n<p><strong>Local A-1081\u00a0<\/strong><\/p>\n<p><a href=\"https:\/\/www.facebook.com\/lgbtqgarneau\/\">https:\/\/www.facebook.com\/lgbtqgarneau\/<\/a><\/p>\n","protected":false},"excerpt":{"rendered":"<p>Les comit\u00e9s de l\u2019Association \u00e9tudiante offrent une grande vari\u00e9t\u00e9 d\u2019activit\u00e9s et de services.\u00a0Tous les membres de l\u2019Association peuvent s\u2019impliquer dans&hellip;<\/p>\n","protected":false},"author":1,"featured_media":0,"parent":0,"menu_order":0,"comment_status":"open","ping_status":"open","template":"","meta":{"footnotes":""},"class_list":["post-12","page","type-page","status-publish","hentry","post"],"_links":{"self":[{"href":"https:\/\/www.assofxg.com\/index.php?rest_route=\/wp\/v2\/pages\/12"}],"collection":[{"href":"https:\/\/www.assofxg.com\/index.php?rest_route=\/wp\/v2\/pages"}],"about":[{"href":"https:\/\/www.assofxg.com\/index.php?rest_route=\/wp\/v2\/types\/page"}],"author":[{"embeddable":true,"href":"https:\/\/www.assofxg.com\/index.php?rest_route=\/wp\/v2\/users\/1"}],"replies":[{"embeddable":true,"href":"https:\/\/www.assofxg.com\/index.php?rest_route=%2Fwp%2Fv2%2Fcomments&post=12"}],"version-history":[{"count":44,"href":"https:\/\/www.assofxg.com\/index.php?rest_route=\/wp\/v2\/pages\/12\/revisions"}],"predecessor-version":[{"id":1311,"href":"https:\/\/www.assofxg.com\/index.php?rest_route=\/wp\/v2\/pages\/12\/revisions\/1311"}],"wp:attachment":[{"href":"https:\/\/www.assofxg.com\/index.php?rest_route=%2Fwp%2Fv2%2Fmedia&parent=12"}],"curies":[{"name":"wp","href":"https:\/\/api.w.org\/{rel}","templated":true}]}}