

{"id":1154,"date":"2023-09-01T12:42:15","date_gmt":"2023-09-01T16:42:15","guid":{"rendered":"http:\/\/www.assofxg.com\/?page_id=1154"},"modified":"2026-04-01T16:20:47","modified_gmt":"2026-04-01T20:20:47","slug":"actualites","status":"publish","type":"page","link":"http:\/\/www.assofxg.com\/?page_id=1154","title":{"rendered":"ACTUALIT\u00c9S"},"content":{"rendered":"\n<p><\/p>\n\n\n\n<p>VOTE DE GR\u00c8VE G\u00c9N\u00c9RALE ILLIMIT\u00c9E:<\/p>\n\n\n\n<figure class=\"wp-block-gallery has-nested-images columns-default is-cropped wp-block-gallery-1 is-layout-flex wp-block-gallery-is-layout-flex\">\n<figure class=\"wp-block-image size-large\"><a href=\"http:\/\/www.assofxg.com\/wp-content\/uploads\/2026\/04\/photo-collage.png-1.png\"><img loading=\"lazy\" decoding=\"async\" width=\"1024\" height=\"1024\" data-id=\"1335\" src=\"http:\/\/www.assofxg.com\/wp-content\/uploads\/2026\/04\/photo-collage.png-1-1024x1024.png\" alt=\"D\u00c9TAILS SUR LA CAMPAGNE DE GR\u00c8VE G\u00c9N\u00c9RALE ILLIMIT\u00c9E DU 1ER MAI\" class=\"wp-image-1335\" srcset=\"http:\/\/www.assofxg.com\/wp-content\/uploads\/2026\/04\/photo-collage.png-1-1024x1024.png 1024w, http:\/\/www.assofxg.com\/wp-content\/uploads\/2026\/04\/photo-collage.png-1-300x300.png 300w, http:\/\/www.assofxg.com\/wp-content\/uploads\/2026\/04\/photo-collage.png-1-150x150.png 150w, http:\/\/www.assofxg.com\/wp-content\/uploads\/2026\/04\/photo-collage.png-1-768x768.png 768w, http:\/\/www.assofxg.com\/wp-content\/uploads\/2026\/04\/photo-collage.png-1-50x50.png 50w, http:\/\/www.assofxg.com\/wp-content\/uploads\/2026\/04\/photo-collage.png-1.png 1080w\" sizes=\"(max-width: 1024px) 100vw, 1024px\" \/><\/a><figcaption class=\"wp-element-caption\">D\u00c9TAILS SUR LA CAMPAGNE DE GR\u00c8VE G\u00c9N\u00c9RALE ILLIMIT\u00c9E DU 1ER MAI<\/figcaption><\/figure>\n<\/figure>\n\n\n\n<h2 class=\"wp-block-heading\">On est quelle date Jeff?<\/h2>\n\n\n\n<p><\/p>\n","protected":false},"excerpt":{"rendered":"<p>VOTE DE GR\u00c8VE G\u00c9N\u00c9RALE ILLIMIT\u00c9E: On est quelle date Jeff?<\/p>\n","protected":false},"author":1,"featured_media":0,"parent":0,"menu_order":0,"comment_status":"closed","ping_status":"closed","template":"","meta":{"footnotes":""},"class_list":["post-1154","page","type-page","status-publish","hentry","post"],"_links":{"self":[{"href":"http:\/\/www.assofxg.com\/index.php?rest_route=\/wp\/v2\/pages\/1154"}],"collection":[{"href":"http:\/\/www.assofxg.com\/index.php?rest_route=\/wp\/v2\/pages"}],"about":[{"href":"http:\/\/www.assofxg.com\/index.php?rest_route=\/wp\/v2\/types\/page"}],"author":[{"embeddable":true,"href":"http:\/\/www.assofxg.com\/index.php?rest_route=\/wp\/v2\/users\/1"}],"replies":[{"embeddable":true,"href":"http:\/\/www.assofxg.com\/index.php?rest_route=%2Fwp%2Fv2%2Fcomments&post=1154"}],"version-history":[{"count":7,"href":"http:\/\/www.assofxg.com\/index.php?rest_route=\/wp\/v2\/pages\/1154\/revisions"}],"predecessor-version":[{"id":1337,"href":"http:\/\/www.assofxg.com\/index.php?rest_route=\/wp\/v2\/pages\/1154\/revisions\/1337"}],"wp:attachment":[{"href":"http:\/\/www.assofxg.com\/index.php?rest_route=%2Fwp%2Fv2%2Fmedia&parent=1154"}],"curies":[{"name":"wp","href":"https:\/\/api.w.org\/{rel}","templated":true}]}}